t t = 37 - l. What are the prime factors of t?
2, 7
Suppose -5*z = j - 6, 2*z + 0*z + 57 = 5*j. Let g(x) = -5*x**3 + x + 1. Let h be g(-1). Let c = h + j. What are the prime factors of c?
2
Let l = -11 - -1. Let p be (2 + -1)/((-2)/l). Suppose 5*t + f - 21 = 0, -3*t + 3*f - p = -32. What are the prime factors of t?
5
Let b(u) = -1 + 9*u - 8*u + 5. List the prime factors of b(0).
2
Let r = 5 - 8. Let x = 6 + r. List the prime factors of x.
3
Let i(k) = -k**3 - 40. Let h be i(0). Let f be h/30*(-18)/4. Suppose -f = -3*w + 2*w. List the prime factors of w.
2, 3
Suppose 5*x - 114 = 76. What are the prime factors of x?
2, 19
Let o = 4 - 2. Suppose 36 = n + o*n. Suppose -3*l = -6*l + n. What are the prime factors of l?
2
Let v be 32/5 - 2/5. Suppose 2 - v = -u. Suppose 10 + 2 = u*r. List the prime factors of r.
3
Suppose 3*d - 124 = 5*f - 22, 0 = -2*f - 6. List the prime factors of d.
29
Let q(m) = m**2 - 10*m - 4. Let x be q(11). Let j(f) = -f**3 + 3*f - 1. Let w be j(2). Let h = x + w. What are the prime factors of h?
2
Let m(h) = 3*h - 3*h + 2*h. Let n be m(-1). What are the prime factors of 4*(2 + 3/n)?
2
Let s(x) be the second derivative of -5*x**3/6 - 7*x**2/2 + 4*x. Let q be s(-7). Suppose 0*p + 2*p = 3*h - q, -4*p = h. List the prime factors of h.
2
Suppose 4*q + q = 0. Suppose 0 = -2*d - 4*n + 48, -5*d + 5*n + 159 + 21 = 0. Suppose q = -3*h + d + 13. What are the prime factors of h?
3, 5
Let a(j) = j - 1. Let z be a(5). Suppose -z*x - l - 59 = 0, 3*x + 0*l = l - 39. What are the prime factors of 90/4*x/(-21)?
3, 5
Suppose 572 = -2*v + 4*v. What are the prime factors of v?
2, 11, 13
Let k = 28 + -11. List the prime factors of k.
17
Let n(u) be the first derivative of u**3/3 - u**2 - u - 1. Let o(c) = c**2 - c. Let h(w) = -4*n(w) + 5*o(w). What are the prime factors of h(-4)?
2
Let f be (-1)/2*1*-4. Let t = 62 + -42. List the prime factors of (24/t)/(f/5).
3
What are the prime factors of (-22)/99 - 328/(-18)?
2, 3
Suppose 0 = 18*u - 17*u. Suppose -j = -u*j - a - 46, -2*a = 5*j - 258. List the prime factors of j.
2, 5
Let b(q) be the second derivative of q**3/6 + 21*q**2/2 - 3*q. What are the prime factors of b(-12)?
3
Let f(o) = 34*o + 1. List the prime factors of f(3).
103
Suppose 0*g = 5*x + 2*g - 15, x + 3*g - 3 = 0. Let z(k) = -14*k**3 - k**2 + 1. Let r be z(-1). Let o = r - x. List the prime factors of o.
11
Suppose -683 + 253 = -5*w + 4*n, w - 92 = 2*n. What are the prime factors of w?
2, 41
Suppose -2 = -5*o + 158. Suppose -5*g = -3*g - o. List the prime factors of g.
2
Suppose -3*t + 87 = 3*b, 0*t + 3*t = 4*b + 87. List the prime factors of t.
29
Suppose 4*v = 5*v. What are the prime factors of v - 0 - 84/(-3)?
2, 7
Let k = 77 - 41. List the prime factors of k.
2, 3
Let g(j) = j**2 + 7*j + 8. Let c be g(-6). List the prime factors of c/(-6) - 20/(-6).
3
Let d(y) = -y**3 - 2*y**2 - 3*y - 6. What are the prime factors of d(-4)?
2, 19
Let i(u) = -6*u**2 - 2*u + 1. Let j(n) = 6*n**2 + 2*n - 1. Let q(r) = -5*i(r) - 4*j(r). List the prime factors of q(1).
7
Let p be (-2)/(-5) - 13/(-5). Suppose -3*o + 3*f = -12, -f = -o - p*f + 1. What are the prime factors of o?
3
Let n be (-13 - -1 - 1) + 3. Let d(i) = -i - 8. List the prime factors of d(n).
2
Let x be 2 - (-2 - (1 - 2)). Suppose 0 = 2*l - 1 - x. What are the prime factors of l?
2
Let w(v) = v**3 + 5*v**2 - 3*v - 3. Let q be w(-5). Suppose -a = 2*a - q. Suppose -7 = -a*c + 1. List the prime factors of c.
2
What are the prime factors of ((-1146)/(-9))/(-2*(-2)/6)?
191
Let g(l) = 2*l**2 + 8*l - 9. Let b be g(-7). Suppose -3*t = -4*t + b. Suppose t = 2*a + 5. What are the prime factors of a?
2, 7
Suppose -4*p + 41 = -19. Suppose 5*s = 6*s - p. List the prime factors of s.
3, 5
Suppose -5 = v + 1. Let f(b) = b**2 + 6*b. Let t be f(v). Suppose -3*u + t*u + 2*m = -19, -3*u = -3*m - 24. What are the prime factors of u?
3
Let w be (-1)/(-5) - (-70)/25. Let t(r) = -2 - 2*r + 3*r + 5. List the prime factors of t(w).
2, 3
Let t(r) = 39*r**2 - r - 1. List the prime factors of t(-1).
3, 13
Let n(h) = 2*h - 4. Let z = -15 + 8. Let v(m) = 3*m - 5. Let r(g) = z*n(g) + 6*v(g). List the prime factors of r(5).
2, 3
Let q be -1 + (-1)/(-2)*-2. Let j be (0 + q*1)/(-1). Suppose 3*l - 8 = j*l. What are the prime factors of l?
2
Let d = 88 + -15. List the prime factors of d.
73
Let t(g) = -5*g**2 + 6*g - 1. Let i(n) = n**2 - 1. Let w(l) = -6*i(l) - t(l). Let q(z) = -z**2 - 1. Let f be q(-2). What are the prime factors of w(f)?
2, 3
Suppose -3*j = -57 - 15. Suppose -16 - j = -4*x + 2*n, 0 = 5*n. List the prime factors of x.
2, 5
Let o be (-382)/(-14) - 6/21. What are the prime factors of (-6)/(3/o*-2)?
3
Suppose 2*k - 10 = 3*l - 0*l, 5*k - 11 = 4*l. List the prime factors of 2/8 + (-11)/l.
3
Suppose 5*n - 258 - 207 = 0. List the prime factors of n.
3, 31
Let f(m) = m**3 - 3*m**2 - 5. Let o be f(4). Suppose 2*j - o = 5. List the prime factors of j.
2
Suppose 3*j - j = 0. Let q(p) = -p**3 + p + 3. List the prime factors of q(j).
3
What are the prime factors of 2 + -1 + (-368)/(-8)?
47
Suppose -4*q - 3*v + 13 = 0, 0*v - 5*v + 15 = 5*q. Suppose 5*k = 4*o - 49, 23 = -2*k + q*o + o. What are the prime factors of ((-12)/k)/(6/45)?
2, 5
Suppose 2*y - 74 = -4*o, -7 = 2*y + 2*o - 91. What are the prime factors of y?
47
Let y(n) = n**3 + 7*n**2 + 4*n - 5. Let m be y(-6). Let l = 8 + -3. Suppose -4*x = l*r - 14, -3*r - 4*x + m = -3*x. What are the prime factors of r?
2
Let j be 0 - 2 - (4 - 23). Let l = -8 + j. What are the prime factors of l?
3
Let v = 8 - -1. Let q(o) = -o**2 + 13*o - 8. Let a be q(v). Let k = a - 13. What are the prime factors of k?
3, 5
Let k be 28/5 - 3/5. List the prime factors of ((-20)/(-8))/k*36.
2, 3
Let y(x) = x**3 + x**2 - x + 12. Suppose -2*l - d = 3*d - 20, -5*l = 2*d - 18. Suppose -3*q = l*q. List the prime factors of y(q).
2, 3
Let w = -2 - -8. List the prime factors of 2*-9*(5 - w).
2, 3
Let z(l) = l**2 - 7*l - 9. Let x(y) = 2*y**2 + 7*y + 4. Let m be x(-4). Let k be z(m). List the prime factors of 12/k*5/(-10).
2, 3
Let o be 4 + -5 - (-2 - 1). Suppose -o*d - 3*v + 8*v = 9, -5*d + 20 = -4*v. List the prime factors of d.
2
Suppose 0 = -6*d - d + 350. What are the prime factors of d?
2, 5
Suppose -4*t + 248 = h, -t + 0*h = h - 65. What are the prime factors of t?
61
Suppose -s - 4*g + 0*g + 62 = 0, 4*s + 2*g - 276 = 0. List the prime factors of s.
2, 5, 7
List the prime factors of ((-369)/36)/(1/(-4)).
41
Suppose 0 = -4*i - i + 375. List the prime factors of i.
3, 5
Suppose -6 = o + 3*g, -9 = 3*g - 0*g. Let d(k) = 0*k + o*k - 2*k - 10. What are the prime factors of d(12)?
2
What are the prime factors of -3 + (-2)/(8/(-20))*16?
7, 11
Let r(j) = -9*j + 1. Suppose 0 = 5*f - p + 9, -5*f - 1 - 14 = 5*p. Let w be r(f). Suppose -n + w = -3*g, 9*g + 29 = n + 4*g. List the prime factors of n.
2
Let t be 1 + -1 + 0 + 7. Suppose t = -3*o - 2*a, -a - 9 = 3*o - 4. List the prime factors of 1 + o + -2 + 11.
3
Let h(d) = d**2 - 8*d + 4. What are the prime factors of h(8)?
2
List the prime factors of (-231)/(-56)*50 + 1/(-4).
2, 103
Let r(h) = h**2. Let y be r(-2). Suppose y*q - 5*q - 18 = 0. Let u = -7 - q. List the prime factors of u.
11
Suppose 3*k = 4*q + 11, q = 4*k - 3*q - 16. Suppose 6*m - k*m = 32. What are the prime factors of m?
2
Suppose 53 = 5*b - 32. List the prime factors of b.
17
Suppose -2*h + 176 = -148. List the prime factors of h.
2, 3
What are the prime factors of 1*57*(-2)/(-3)?
2, 19
Suppose -3*y + 2*y + 30 = 4*i, -5*y + 182 = 4*i. List the prime factors of y.
2, 19
Suppose -25*a - 189 = -28*a. What are the prime factors of a?
3, 7
Let c = 3 - -1. Suppose 3*r - 23 = -c*u, 0*r = u - 2*r + 8. Suppose 4*y + 25 = 3*i, -y + 0 = -u. List the prime factors of i.
11
Let a(f) = -2*f**2 - 18*f**3 - 4*f**3 + 4*f + 0*f**2 - 5*f. Let p be a(-1). List the prime factors of (-12)/5*(-70)/p.
2
Suppose 0 = i - 12 - 1. Suppose 0 = w - 3*a + 7, w - 3*a + i = 3*w. Suppose 2 - 26 = -w*b. What are the prime factors of b?
2, 3
Let f be (2 + 0 + -2)/(-1). What are the prime factors of 26/(f + 2) + 0?
13
Let g = 43 - 18. List the prime factors of g.
5
Let n(t) be the second derivative of 1/2*t**2 + 2*t + 1/6*t**3 + 0. What are the prime factors of n(5)?
2, 3
Let a(k) = -k + 172. What are the prime factors of